4
Calculate the greatest common factor of 336 and 175.
7
Calculate the greatest common factor of 104 and 8619.
13
What is the highest common divisor of 13284 and 231984?
324
Calculate the greatest common factor of 341 and 386881.
11
Calculate the greatest common factor of 7301 and 5066.
149
Calculate the greatest common divisor of 1160 and 1036576.
232
What is the highest common factor of 21 and 6139?
7
Calculate the greatest common factor of 44850 and 38350.
650
What is the greatest common factor of 2254 and 16583?
161
Calculate the highest common factor of 27445 and 121.
11
What is the highest common factor of 10104 and 336?
24
What is the highest common divisor of 24 and 1041?
3
Calculate the highest common factor of 920523 and 111.
111
Calculate the highest common factor of 874 and 456.
38
What is the highest common divisor of 289646 and 850?
34
What is the highest common factor of 3528 and 630?
126
What is the greatest common divisor of 132873 and 39?
39
Calculate the greatest common divisor of 450480 and 192.
48
What is the highest common divisor of 70945 and 4340?
35
What is the greatest common factor of 171 and 59375?
19
What is the greatest common divisor of 5857161 and 822?
411
Calculate the highest common factor of 1395 and 31680.
45
What is the highest common divisor of 160 and 164720?
80
Calculate the highest common divisor of 430196 and 26.
26
What is the highest common divisor of 70971 and 369?
123
What is the greatest common factor of 100 and 2273710?
10
Calculate the highest common factor of 139634 and 2308.
1154
Calculate the highest common factor of 2552 and 550.
22
Calculate the highest common divisor of 52224 and 13872.
816
Calculate the highest common factor of 161 and 204102.
23
Calculate the greatest common divisor of 14433 and 102.
51
Calculate the greatest common factor of 24703 and 14.
7
Calculate the greatest common divisor of 179 and 52805.
179
What is the greatest common factor of 568 and 26456?
8
What is the greatest common divisor of 8400 and 2469?
3
What is the highest common divisor of 23855 and 715?
65
What is the greatest common factor of 16 and 1021600?
16
What is the highest common divisor of 640 and 26980?
20
Calculate the greatest common divisor of 2002366 and 74.
74
What is the highest common factor of 152086 and 1023?
341
What is the greatest common factor of 1529 and 105556?
11
Calculate the greatest common factor of 40670 and 294.
98
What is the highest common divisor of 1888 and 3658?
118
What is the highest common factor of 42113 and 161?
23
What is the greatest common factor of 37485 and 306?
153
Calculate the greatest common factor of 512 and 3229696.
512
What is the greatest common factor of 59078 and 813?
271
What is the greatest common divisor of 5865 and 36380?
85
What is the greatest common divisor of 132 and 1100?
44
Calculate the highest common divisor of 281 and 558347.
281
What is the highest common divisor of 52 and 1280630?
26
What is the highest common factor of 2464 and 13024?
352
What is the highest common factor of 599324 and 308?
44
What is the greatest common factor of 1925 and 2275?
175
What is the greatest common divisor of 14999 and 1132?
283
Calculate the greatest common divisor of 16938 and 492.
6
What is the greatest common divisor of 69 and 3390?
3
Calculate the greatest common factor of 488 and 209596.
244
Calculate the highest common factor of 7615 and 965.
5
Calculate the highest common divisor of 15732 and 552.
276
Calculate the greatest common divisor of 1287160 and 8.
8
Calculate the greatest common factor of 610 and 6770.
10
Calculate the greatest common factor of 152 and 10975920.
152
Calculate the greatest common factor of 1528957 and 47.
47
What is the highest common divisor of 1534597 and 103?
103
What is the highest common factor of 2396904 and 16?
8
Calculate the highest common factor of 11970 and 40166.
266
Calculate the highest common divisor of 20 and 2288140.
20
Calculate the highest common divisor of 24 and 2130776.
8
What is the highest common factor of 1975 and 176170?
395
Calculate the highest common factor of 18025 and 72615.
515
Calculate the highest common divisor of 8960 and 1162.
14
Calculate the greatest common divisor of 137033 and 498.
83
What is the greatest common divisor of 34 and 423742?
34
What is the greatest common divisor of 18936 and 18?
18
What is the highest common factor of 5917 and 976?
61
Calculate the highest common factor of 44140 and 20.
20
What is the highest common divisor of 1183 and 9971?
169
Calculate the greatest common divisor of 539 and 78463.
77
What is the greatest common divisor of 19198 and 47002?
662
What is the highest common divisor of 366890 and 90?
10
What is the greatest common factor of 783 and 2218239?
783
Calculate the highest common divisor of 7273025 and 545.
545
What is the highest common divisor of 161 and 24081?
23
What is the greatest common divisor of 26532 and 96?
12
What is the greatest common divisor of 232 and 2743864?
232
What is the greatest common divisor of 3436 and 6368?
4
What is the greatest common divisor of 359135 and 155?
155
Calculate the highest common factor of 41013 and 84.
21
What is the highest common divisor of 9 and 12249?
9
Calculate the greatest common divisor of 184729 and 62.
31
What is the greatest common factor of 4977 and 630?
63
What is the greatest common factor of 826645 and 145?
145
Calculate the highest common divisor of 4679312 and 242.
242
What is the highest common divisor of 248 and 1085?
31
What is the greatest common divisor of 12 and 842368?
4
What is the highest common factor of 31760 and 105?
5
Calculate the highest common factor of 2537 and 1591.
43
What is the highest common divisor of 431706 and 12?
6
What is the highest common divisor of 51837 and 4773?
111
Calculate the greatest common divisor of 35571 and 4047.
213
What is the greatest common divisor of 12 and 915996?
12
Calculate the greatest common divisor of 3772 and 348864.
92
What is the highest common divisor of 4110 and 995?
5
Calculate the greatest common factor of 2120 and 81885.
265
Calculate the greatest common divisor of 5600 and 1152.
32
Calculate the greatest common factor of 112806 and 216.
54
What is the greatest common factor of 27219 and 645?
129
Calculate the highest common divisor of 4103097 and 1506.
753
Calculate the greatest common divisor of 129498 and 2260.
226
What is the greatest common divisor of 238211 and 138?
23
What is the greatest common factor of 45 and 29395?
5
Calculate the highest common factor of 143355 and 15.
15
Calculate the highest common divisor of 749670 and 30.
30
Calculate the greatest common factor of 229600 and 2380.
140
What is the highest common divisor of 266908 and 212?
212
Calculate the highest common divisor of 3822 and 11739.
273
Calculate the highest common factor of 12 and 16677.
3
Calculate the highest common factor of 924 and 9658.
22
What is the highest common divisor of 304 and 333412?
76
Calculate the highest common factor of 3570 and 4043280.
510
What is the highest common factor of 52554 and 2223?
57
Calculate the greatest common divisor of 31 and 1072879.
31
What is the greatest common factor of 249 and 1219851?
249
What is the highest common divisor of 25600 and 1?
1
What is the greatest common factor of 17027 and 15?
1
Calculate the highest common factor of 776874 and 14098.
742
What is the highest common factor of 41107 and 99?
11
Calculate the highest common divisor of 1001364 and 1179.
393
Calculate the greatest common divisor of 1168 and 50192.
16
Calculate the greatest common factor of 397618 and 1066.
1066
Calculate the highest common divisor of 699565 and 20.
5
What is the greatest common factor of 224 and 30576?
112
What is the greatest common divisor of 3457464 and 120?
24
Calculate the highest common divisor of 3592 and 72.
8
What is the highest common divisor of 36735 and 186?
93
Calculate the highest common factor of 419 and 32.
1
What is the highest common divisor of 1790594 and 20618?
1586
What is the highest common factor of 4750 and 25?
25
Calculate the highest common divisor of 5120 and 6770.
10
Calculate the highest common divisor of 44 and 38912.
4
Calculate the greatest common divisor of 414 and 666.
18
Calculat